base 10.
-446059
-258677 (base 10) to base 11
-167391
What is 9ba4a3 (base 13) in base 3?
20220220001222
-31151464 (base 7) to base 14
-4c1d6b
131023244 (base 7) to base 12
29714a8
-103323232 (base 4) to base 5
-10103041
1011003133 (base 4) to base 2
1000101000011011111
Convert 2010360 (base 10) to base 3.
10210010200210
-35767504 (base 9) to base 14
-24687a5
What is -30430222 (base 5) in base 3?
-110122022021
What is -68a816 (base 11) in base 14?
-208093
What is 2645126 (base 8) in base 2?
10110100101001010110
What is -101133210 (base 4) in base 12?
-35570
Convert -330e28 (base 15) to base 10.
-2433188
-23561763 (base 8) to base 16
-4ee3f3
Convert -1075188 (base 10) to base 3.
-2000121212210
Convert 200310222 (base 4) to base 7.
1066650
What is 132054442 (base 6) in base 14?
4c2c8a
What is -70341 (base 13) in base 9?
-335013
Convert -406702 (base 8) to base 2.
-100000110111000010
What is -1899470 (base 13) in base 15?
-a977b2
-3334251 (base 10) to base 3
-20021101201210
-1070255 (base 8) to base 5
-33302424
13005525 (base 8) to base 4
23000231111
What is -1032320323 (base 5) in base 11?
-1293035
What is 369104 (base 10) in base 7?
3065051
Convert 363711 (base 10) to base 13.
c971a
-110001001010001011 (base 2) to base 5
-22420410
What is 38a80e (base 15) in base 13?
7425bc
1149d (base 16) to base 8
212235
What is 1d06d (base 16) in base 4?
131001231
102730 (base 8) to base 7
201616
1000322122 (base 4) to base 9
444644
-4928d (base 14) to base 6
-3500045
4d6cf (base 16) to base 3
121010000202
Convert 1c573 (base 15) to base 2.
10110100011000110
400203204 (base 5) to base 15
20ee1e
11414332 (base 5) to base 11
73818
223140232 (base 5) to base 16
f1b73
What is -4201232201 (base 5) in base 16?
-837f49
Convert 1124214122 (base 5) to base 13.
6bc977
3370c7 (base 13) to base 16
128a80
What is -122635 (base 14) in base 3?
-1011120100121
Convert -1200451 (base 6) to base 13.
-22519
What is -10134133 (base 6) in base 16?
-476a9
1242e4 (base 16) to base 8
4441344
What is -8412a (base 12) in base 10?
-172978
What is 18466 (base 9) in base 3?
122112020
22b95 (base 13) to base 6
1205545
Convert 35f41f (base 16) to base 2.
1101011111010000011111
Convert -1701832 (base 10) to base 11.
-a62680
Convert -12a2ca (base 15) to base 3.
-1200110201201
What is -21030312 (base 4) in base 8?
-111466
What is 2993 (base 14) in base 4?
1303111
Convert 82b879 (base 13) to base 9.
5663036
-42032244 (base 5) to base 10
-345949
What is -10100110011011101 (base 2) in base 9?
-138801
Convert -217327 (base 8) to base 12.
-365b3
Convert 54d486 (base 16) to base 13.
11c8606
What is 1183035 (base 11) in base 14?
3b665d
Convert 19c87 (base 13) to base 15.
ee4d
Convert -ba95 (base 16) to base 7.
-256154
What is 1502360 (base 10) in base 8?
5566230
What is -cac87 (base 15) in base 11?
-3aa9a5
What is 103001434 (base 5) in base 3?
211020110202
Convert -44545255 (base 6) to base 4.
-11021333003
-1111011101001010 (base 2) to base 12
-30776
Convert -8848035 (base 9) to base 7.
-55265654
Convert 26450 (base 12) to base 5.
3134401
Convert -10321214 (base 6) to base 5.
-34244104
Convert 22414343 (base 6) to base 11.
429927
1110211020 (base 5) to base 12
991731
Convert -46fb (base 16) to base 2.
-100011011111011
Convert -4462c (base 16) to base 11.
-1814a4
-13003033121 (base 4) to base 11
-1052706
Convert 107032 (base 15) to base 10.
783047
What is -324262 (base 8) in base 14?
-2b89c
-20121212 (base 5) to base 10
-160807
Convert -1340575 (base 11) to base 13.
-630314
What is -30ab3d (base 14) in base 15?
-226cb8
What is 1222604 (base 7) in base 8?
462571
What is -956672 (base 13) in base 3?
-20120202100122
-204777 (base 8) to base 3
-10110102001
Convert -1458575 (base 9) to base 3.
-1111222122112
Convert -334240055 (base 6) to base 15.
-80341b
26b74 (base 12) to base 2
1101000100001000
Convert -16821 (base 11) to base 7.
-125600
Convert 602163 (base 7) to base 8.
306366
11031240 (base 5) to base 13
347ca
What is 91a78 (base 11) in base 4?
200303323
457714 (base 8) to base 6
3200204
What is 11011001110011110 (base 2) in base 7?
643061
What is -a1d92 (base 15) in base 14?
-d4ba7
What is -4214141 (base 5) in base 9?
-115820
-90c391 (base 13) to base 5
-1330244001
Convert 10122310442 (base 5) to base 11.
5932021
-161b75 (base 13) to base 7
-4435126
33313512 (base 6) to base 9
1801828
Convert -4c9918 (base 14) to base 6.
-132320310
210022002102 (base 4) to base 15
c735b0
Convert -100101001010110010001 (base 2) to base 16.
-129591
What is -110010111100011010011 (base 2) in base 6?
-55440215
What is 162685 (base 9) in base 10?
100436
-3130100003 (base 4) to base 8
-3342003
-7541a2 (base 12) to base 7
-21514256
Convert -11301113244 (base 5) to base 14.
-1a00d8d
What is -11115005 (base 6) in base 10?
-336749
-61338 (base 11) to base 6
-1530421
What is 40636 (base 12) in base 5?
10140400
Convert -10876d (base 16) to base 11.
-67a949
1060c7 (base 14) to base 10
554463
Convert -2709374 (base 10) to base 7.
-32013023
Convert 34342440 (base 5) to base 2.
1001011011110000000
-3751cf (base 16) to base 5
-1412003143
Convert -124c99 (base 15) to base 14.
-18b849
-64703036 (base 8) to base 7
-225554151
Convert 16cb01 (base 14) to base 12.
328b25
Convert -2067445 (base 9) to base 6.
-35424152
540579 (base 10) to base 14
10100b
Convert -11011101132 (base 4) to base 14.
-269778
Convert -120122100 (base 3) to base 5.
-331103
What is -13462535 (base 7) in base 16?
-133649
Convert -107444 (base 9) to base 14.
-19724
74833 (base 12) to base 2
100101011010100111
-101020221101222 (base 3) to base 14
-a1c753
What is -10211120001 (base 3) in base 11?
-517a0
580806 (base 9) to base 16
550e3
What is ca8e (base 15) in base 4?
22132010
-27612763 (base 8) to base 6
-341321415
Convert -1325548 (base 11) to base 9.
-4272067
What is 110000111010101010111 (base 2) in base 10?
1602903
What is -233413400 (base 5) in base 9?
-2020116
Convert 1bc67d (base 16) to base 9.
3373858
-1720dd (base 16) to base 15
-1ee196
What is eda75 (base 15) in base 14?
1591d7
-294a97 (base 11) to base 8
-1603337
Convert 22031124 (base 5) to base 8.
562143
What is 11153 (base 6) in base 7?
4416
Convert 2204335 (base 9) to base 16.
1211ab
Convert 1314523 (base 6) to base 7.
420621
Convert -513067 (base 8) to base 11.
-106406
Convert 38c2b3 (base 15) to base 11.
15a0845
-51315 (base 13) to base 9
-241556
What is 1635108 (base 10) in base 3?
10002001221120
-233314201 (base 5) to base 3
-2000111221122
What is -6ab32 (base 14) in base 11?
-168498
What is d6c39 (base 14) in base 11?
32442a
Convert 1387561 (base 9) to base 10.
766639
4a05479 (base 11) to base 13
1a599ab
Convert -21200122101 (base 3) to base 14.
-3d244
What is -48009 (base 12) in base 2?
-10111101000001001
-a9278 (base 13) to base 12
-128b90
-313675 (base 12) to base 9
-1407768
578021 (base 9) to base 5
42101043
Convert -2065122 (base 7) to base 3.
-110202222020
-112000202100 (base 3) to base 10
-276111
-2221112111012 (base 3) to base 5
-400044034
-105a86 (base 14) to base 13
-164cb4
What is -3a281 (base 11) in base 15?
-120c9
25033531 (base 6) to base 13
21c22c
-12242012 (base 5) to base 16
-1ce6e
What is -b6296 (base 14) in base 12?
-192464
-2ce19 (base 15) to base 12
-6ba50
What is 108a499 (base 11) in base 14?
377515
What is -4cd49 (base 14) in base 5?
-22023310
Convert -2013151 (base 6) to base 15.
-1d39d
What is 117659 (base 11) in base 8?
552707
What is -66697 (base 10) in base 5?
-4113242
Convert -12100112222001 (base 3) to base 16.
-2b6a4d
Convert 302303233120 (base 4) to base 15.
128161d
-254740 (base 9) to base 16
-25b36
What is -110581 (base 9) in base 16?
-10228
What is 5469933 (base 12) in base 13?
3436c47
-96598 (base 14) to base 15
-729b7
Convert -6909 (base 10) to base 2.
-1101011111101
Convert 726428 (base 10) to base 14.
14ca3a
783543 (base 12) to base 2
111010011001101000011
What is -131721 (base 11) in base 2?
-110010100101000111
-b515d (base 15) to base 2
-10001100001001101111
-15c1c4 (base 13) to base 6
-15331355
What is -63389 (base 12) in base 3?
-20121111220
What is -48c86 (base 13) in base 4?
-200231012
Convert -1110111100001 (base 2) to base 11.
-5824
Convert -1f649 (base 16) to base 8.
-373111
Convert 12263654 (base 7) to base 2.
100001110100011111111
Convert -112